 = -1154 + 3426. What is the highest common factor of 64 and p?
32
Let v be ((-81)/18)/9 - (-2970)/20. Calculate the greatest common factor of v and 2146.
74
Let b be 23/(-184) + (297/(-24))/(-3). Suppose 5*q = b*w - 96, 3*w = 3*q - 2*q + 72. What is the highest common factor of w and 24?
24
Let x be -25 + 69 + (11 - 3). What is the greatest common divisor of x and 2938?
26
Let s be 6 + 542 - (-10 + -2). Calculate the highest common factor of 175 and s.
35
Suppose 55*u - 1656 = 43*u. Calculate the highest common factor of 1196 and u.
46
Let f = -26 + 37. Let b be 2/((4/(-6))/((-616)/f)). Calculate the highest common factor of b and 112.
56
Suppose 0 = -3*z - 2*t + 31403, 365*z - 370*z = -4*t - 52353. Calculate the greatest common factor of z and 29.
29
Suppose 5*s - 3*f - 113 = -2*f, -3*s + 73 = 2*f. Let r = -15 + s. Suppose 5*j - 8 = -2*u - 0, -u + 4 = -j. What is the highest common divisor of u and r?
4
Let n be (-9)/((-18)/44) - 1. Suppose 0 = 4*z - 5*h - 3266, 6*z - z - h = 4093. Calculate the greatest common divisor of n and z.
21
Let o = -52 + 55. Let l(w) = -2*w - 12*w + o*w. Let u be l(-1). Calculate the highest common divisor of 319 and u.
11
Suppose i - 9 = 4*q, 4*i - 16 = -273*q + 279*q. Let r = -13 - -26. Let c = r + q. Calculate the greatest common factor of 1 and c.
1
Let b = -277 + 186. Let h = b - -131. Let r(w) = 16*w**2 - 19*w - 2. Let p be r(-2). Calculate the highest common factor of p and h.
20
Let l(g) = -2*g**2 + 87*g - 763. Let p be l(30). Calculate the greatest common factor of 188 and p.
47
Let n(o) = -2*o**2 - 42*o - 16. Let x be n(-11). What is the greatest common factor of 6018 and x?
102
Suppose -573 = 3*u - 2*a, u + 2*a + 183 = -0*a. Let o = -168 - u. Let r = 8 + -2. What is the greatest common divisor of o and r?
3
Suppose 0 = 5*n + 7*z - 25, -92*z = -4*n - 91*z + 20. Let g = -1 - 1. Let k be (-70)/(2/g - 1). What is the highest common divisor of k and n?
5
Let r = -6567 - -6795. What is the greatest common divisor of r and 48?
12
Suppose c + 254 = -40. Suppose 0 = -q + 14 - 16. Let o be c/(-12) + 1/q. Calculate the greatest common divisor of o and 48.
24
Suppose 0 = 4*a - 3*k - 223 - 79, 0 = 3*a - 5*k - 210. Calculate the highest common factor of 1640 and a.
40
Let a = -20 + 35. Suppose 0 = 3*y + 5*y + 3*y. Let g be y - -11 - (-33 + 29). Calculate the highest common divisor of a and g.
15
Let w be (-2 + 1)/(708/237 - 3). Let a = -45 + w. Suppose u - 5*s = 15, -2*u - 4 + a = s. What is the highest common factor of u and 45?
15
Let p = 2225 - 447. What is the highest common divisor of p and 7?
7
Let u(n) = -121*n + 641. Let z be u(5). Calculate the highest common factor of 1536 and z.
12
Let t be 99 + (-2)/(2 + 0). Suppose -83 = -3*v - 4*x + 5*x, 0 = -v + 5*x + 37. Let g = v + -13. Calculate the greatest common divisor of g and t.
14
Suppose 29 = 3*h - 1. Suppose -h*d + 84 = -7*d. Let v(g) = 3*g**2 - 2*g. Let l be v(-4). What is the greatest common factor of l and d?
28
Let s = 275 + -135. Let y(m) = 17*m + 246. Let n be y(-12). What is the greatest common factor of s and n?
14
Let h(f) = f**2 - 7*f + 8. Let i be h(6). Suppose 0 = -5*d - 5*j + 175, -2*d + 7*d = -i*j + 190. Calculate the greatest common divisor of 20 and d.
20
Let s be (-35)/70*3*4/6. Let o be (21/s - 9)*96/(-10). Calculate the highest common divisor of 216 and o.
72
Suppose -p = 5*p - 12. Suppose -z + 13 = -2*i + 1, -p*z + 28 = -5*i. What is the highest common divisor of 28 and z?
4
Suppose 1575 = 11*o + 10*o. Suppose 0 = 8*s - 7*s - 3. Calculate the highest common factor of o and s.
3
Let z(c) be the first derivative of -2/3*c**3 + 2 + 10*c**2 - 9*c. Let p be z(7). What is the greatest common factor of 22 and p?
11
Let c(u) = 24526*u + 122714. Let f be c(-5). Let x(v) = -2*v**3 + 3*v - 3. Let o be x(-3). Calculate the greatest common divisor of f and o.
42
Let o(b) = 2*b**2 + 57*b - 362. Let m be o(-42). What is the highest common factor of 4 and m?
4
Let s = 299 + -264. Suppose 4*p = 5*p - z - s, 0 = 2*z + 10. Calculate the highest common divisor of p and 42.
6
Suppose 4*u = 5*a - 157, -74*a - 3*u - 27 = -75*a. Let g = -3 + 6. Suppose -2*k + 6 + 6 = 2*h, -g*h - 2*k = -15. What is the greatest common factor of h and a?
3
Suppose -2*v - v + 2*w + 1376 = 0, 4*v = w + 1828. Calculate the highest common factor of 24 and v.
24
Let q(i) = -i. Let g be q(0). Suppose g = -5*o + 73 + 207. Suppose 0 = -l - 2*j + 24, o = 4*l - 4*j + 8. Calculate the greatest common divisor of l and 144.
16
Suppose -13*w = -17*w + 12. Suppose -3*z + 166 = 2*k, 8*z - w*z - 3*k = 264. Calculate the highest common divisor of z and 81.
27
Suppose -18*x + b = -15*x - 124, 3*b = 5*x - 212. Let p be ((-5)/1)/((-2)/(-6)). Let k = 35 + p. Calculate the highest common divisor of k and x.
20
Let x(j) = -65*j - 116. Let o be x(-2). What is the greatest common factor of o and 30324?
14
Let m(j) = 21*j**2 + 3*j - 11. Let o be m(-6). Suppose b - 437 = -46*d + 43*d, -5*d - 2*b = -o. What is the highest common divisor of d and 3?
3
Let q(n) = 2*n**3 + 2*n**2 - 11*n + 17. Let o be q(0). What is the greatest common factor of o and 221?
17
Let f = -803 + 1688. What is the highest common factor of 15 and f?
15
Suppose 0 = 4*x + 130 + 218. Suppose 2*w + 91 = 277. Let o = x + w. What is the highest common divisor of o and 6?
6
Let j(g) = -2*g**3 + 3*g**2 - 5*g + 14. Let q be j(2). Suppose 5*l - 3*u - 168 = q, 2*l + 2*u = -u + 84. Calculate the highest common factor of 198 and l.
18
Let j be (-26)/(3*3/(-90)). Let q = -248 + j. Calculate the highest common factor of q and 252.
12
Suppose 3*f = -4*c + 239, f = -3*c + 83 - 5. Let s be ((-21)/4)/(f/(-5616)). What is the highest common factor of 28 and s?
28
Let g = -1044 - -1203. Let n = -509 + 933. Calculate the greatest common factor of n and g.
53
Let b = 59 + -57. Let t(j) = -14*j**3 - 22*j**3 + 1 - 13*j**2 + b*j + 34*j**3. Let h be t(-7). What is the highest common divisor of 45 and h?
9
Suppose -2*x - 2*b + 352 = 0, 56 = x - 3*b - 100. What is the highest common factor of 3249 and x?
171
Suppose -3*s + 105 = 5*u, 41*u - 44*u + 3*s + 87 = 0. What is the greatest common divisor of 30 and u?
6
Suppose 0 = -3*z - 5*o + 73, -3*o + 12 = 3*z - 63. What is the greatest common divisor of 2119 and z?
13
Let w be 2/(-18) + (-365)/(-45). Let y be -1*2/(w/28). Let k = y - -54. Calculate the greatest common factor of 517 and k.
47
Suppose -53 = -3*r - 5*l, -7*r + 63 = -3*r - l. Suppose -7*z - 54 = -180. Let w be 1443/18 + 3*(-1)/z. What is the greatest common divisor of w and r?
16
Let n be ((-8)/160*-15)/(18/2136). What is the greatest common factor of n and 4450?
89
Suppose -3*b = f - 55, -3*f = 5*b - 5*f - 110. Let x be 8/b - (-204)/15. Let o = x + 3. Calculate the highest common divisor of 153 and o.
17
Let w be 2140/40 + (-4)/(-8). Let x(u) = -u**3 + u**2 + u + 180. Let q be x(0). What is the highest common factor of q and w?
18
Let b(n) = -n**3 - 11*n**2 - 38*n + 21. Let k be b(-5). What is the greatest common divisor of k and 976?
61
Suppose 0 = -9*c + 11 + 25. Suppose -2*m + 7*m = c*b - 407, 89 = b + 3*m. Calculate the highest common divisor of b and 126.
14
Let a(h) = 1161*h - 163. Let t be a(13). Calculate the greatest common factor of t and 10.
10
Suppose 3*k = l + 170, -81*k - l = -83*k + 112. What is the highest common divisor of 1247 and k?
29
Let t = 1777 + -2568. Let u = t - -803. Calculate the highest common divisor of 44 and u.
4
Let d be 80/(-12) + 90/54 - -12. What is the highest common factor of d and 847?
7
Let r(v) be the third derivative of v**6/120 + v**5/60 + v**4/24 + 50*v**3/3 - 2*v**2 + 3*v. Let d be r(0). Calculate the highest common factor of 50 and d.
50
Let a = 2056 + -1996. Calculate the highest common divisor of a and 6420.
60
Let v(n) = -294*n - 2033. Let b be v(-11). What is the greatest common factor of b and 1?
1
Let x(n) be the second derivative of n**3/3 + 49*n**2/2 + 21*n. Let b be x(-21). What is the highest common divisor of b and 35?
7
Suppose -4*o - 3740 = -5*y, 5*y - 4551 = 2*o - 811. Calculate the highest common factor of y and 1292.
68
Suppose 592 = 3*h + 3*l - 494, 3*l = -5*h + 1812. Calculate the greatest common factor of 792 and h.
33
Let q(y) = y + 13. Let i be q(-11). Suppose -i*w = -w - 16. Let j = 